he prime factors of q/2 + 207/18?
2, 5
Let n(r) = 5*r + 5. Let w = 3 - 7. Let v be n(w). What are the prime factors of (20/v)/(1/(-3))?
2
Suppose -5*t + 6*o = 2*o - 135, -5*t - 4*o + 175 = 0. Suppose 12 = -5*q + 2, 2*q = 3*v - t. What are the prime factors of v?
3
Suppose 4 = -l + 8. Suppose 111 = l*o - o. What are the prime factors of o?
37
Let n = 259 + -172. List the prime factors of n.
3, 29
Let y = 25 - 0. What are the prime factors of y?
5
Let p(z) = -z**2 - 7*z + 5. Let w be p(-8). Let s = w + 3. Suppose 4*m - 36 - 32 = s. List the prime factors of m.
17
Let v(p) be the second derivative of p**5/20 - p**4/3 - 4*p**3/3 - 3*p**2/2 + p. What are the prime factors of v(6)?
3, 7
Let m(b) = b - 5. Let f be m(8). Suppose -7*s + 12 = -f*s. What are the prime factors of s?
3
Let q(c) = c**3 - 5*c**2 + 4*c - 1. Let f be q(3). Let g = f + 14. What are the prime factors of g?
7
Let c(b) = b**2 - 4*b - 4. Let q be c(6). Let i = -6 - -3. Let s = q - i. List the prime factors of s.
11
Let s(a) = 4 + a + 1 - 4 + 6. What are the prime factors of s(0)?
7
Let k(x) = x**3 + x**2 - 4. Let v be k(0). Let r(a) = 3*a - 5*a - 2*a - 5 + 2*a. What are the prime factors of r(v)?
3
Let w(i) = -i**3 + 11*i**2 - 11*i + 3. Let z be -6*1*-2 + -2. Let m be w(z). Let g(s) = -s**2 - 8*s + 6. What are the prime factors of g(m)?
13
Let j = 15 + 27. What are the prime factors of j?
2, 3, 7
Suppose -4*s = q, -3*q + 2*s = -0*q. Suppose 2*v + 2*v - 12 = q, 0 = 5*z + 5*v - 95. What are the prime factors of z?
2
Suppose 5*a + 5*r = 1125, -5*a - r - 542 + 1679 = 0. List the prime factors of a.
2, 3, 19
Let u = 101 - -28. List the prime factors of u.
3, 43
Suppose 0 = q - 1 - 3. Let a = 9 - q. Suppose 2*u - 8 = 0, -a*u + 0*u + 52 = 4*c. What are the prime factors of c?
2
Let w(p) = 6*p - 27. List the prime factors of w(6).
3
List the prime factors of 31 - (-6)/((-12)/(-4)).
3, 11
Suppose -4*n + 2*n - 8 = 0, m = -4*n. Let r = -2 - -5. Suppose -2*d + 20 = -r*u, -2*u + u - m = -3*d. List the prime factors of d.
2
Let i(a) = -22*a + 2. What are the prime factors of i(-9)?
2, 5
Let j = -15 - -15. Suppose f - 3*f + 62 = j. What are the prime factors of f?
31
Let d(b) = -b**2 - 9*b - 10. Let x be d(-8). Let z = x + 10. List the prime factors of z.
2
List the prime factors of (-2 + 176/28)*7.
2, 3, 5
Suppose -h = -0*h. Suppose h = z - 28 + 2. List the prime factors of z.
2, 13
Suppose 0 = 5*x - 3*c - 116, -2*x - 2*c + 34 = 3*c. Let o(a) = a + 3. Let j be o(0). Suppose 0 = -m + j*m - x. What are the prime factors of m?
11
List the prime factors of ((-34)/5)/((-6)/60).
2, 17
Suppose d + 3*x - 32 = 0, -d - 3*d = 5*x - 100. Suppose 2*l - d = 14. What are the prime factors of l?
17
Let n be (12/(-18))/(2/18). Let t = 7 + n. Suppose 7 = 4*j - t. List the prime factors of j.
2
Let x(y) = -2*y**3 + 3*y**2 - y. Let j be x(2). Let n = j - -17. What are the prime factors of n?
11
What are the prime factors of 13 - (-7 + 3 + 6)?
11
Let n(i) = -5*i**3 + 9*i**2 + 9*i - 16. Let l(m) = 11*m**3 - 18*m**2 - 19*m + 33. Let f(y) = 4*l(y) + 9*n(y). List the prime factors of f(9).
3, 11
Let v(s) = s**2 - 2*s - 4. Let q be v(4). Suppose q*p = -2*b + 4*b, -4*b = -5*p. Suppose -4*y + 2 + 78 = b. List the prime factors of y.
2, 5
Suppose a - 13 = -2*k, -k - 11 = -5*k + a. Suppose -79 = -4*q - h, q - k*h = 4*q - 69. List the prime factors of q.
19
Suppose 2*q = 374 - 0. List the prime factors of q.
11, 17
Let l(o) = -o**3 - 9*o**2 - 2*o - 13. Let w be l(-9). Suppose w*r + 3*t - 33 = 0, -t + 5*t + 16 = 0. Suppose 3*u - r = 2*u. List the prime factors of u.
3
Let r be 5 + -1 - 2 - -7. List the prime factors of r + (0 - 1) - 2.
2, 3
Let i(f) be the second derivative of -f**4/12 - 3*f**3/2 + 7*f**2 - 8*f. What are the prime factors of i(-8)?
2, 11
Let f = 96 + -55. List the prime factors of f.
41
Let z(i) = i**3 - 9*i**2 - 15*i - 9. List the prime factors of z(11).
2, 17
Let a = 4 + 1. Suppose -r + 13 = -a. List the prime factors of r.
2, 3
Suppose -y + 5*l + 13 = -37, 0 = 4*l + 16. List the prime factors of 108/30*y/4.
3
Let r(l) = -7*l + 2. Let v(z) = z**3 - 3*z**2 - 4*z - 3. Let y be v(4). What are the prime factors of r(y)?
23
What are the prime factors of -7*(1 - (-8)/(-4))?
7
Let z(h) = -2*h - 11. Let m be z(-10). Suppose -2*r + 5*t + 2 = 6, -5*r + 3*t + m = 0. What are the prime factors of r?
3
Let v = 14 - 8. List the prime factors of (-2 + 15/v)*28.
2, 7
Let j(f) = f**3 + 14*f**2 + 12*f + 3. List the prime factors of j(-5).
2, 3, 7
Suppose -3*l - 20 = -4*n, 0*l + 2*l = -4*n + 20. Let w(j) = 3*j + 4. List the prime factors of w(n).
19
What are the prime factors of 54/(-9)*14/(-4)?
3, 7
Suppose 3*r - 31 = 116. Let c = 87 - r. What are the prime factors of c?
2, 19
Let a(h) = 4*h**3 - h**2. Let r be a(1). Suppose -r*f = -4*j + 12, -6 = -2*j - 2*f - f. What are the prime factors of j?
3
Let k = 141 + 11. What are the prime factors of k?
2, 19
Suppose 3*l - 5*x = -27 - 19, -5*x + 25 = 0. Suppose 2*u + 2*u - 48 = 0. Let g = u + l. List the prime factors of g.
5
Let b = 53 - -9. What are the prime factors of b?
2, 31
Let a be 3/12 - 58/8. Let p = a + 14. Suppose r + 3 = p. What are the prime factors of r?
2
Let b(p) = -2*p - 15. Let j be b(-7). List the prime factors of (-37)/j - (0 + 4).
3, 11
Let l(j) = j + 7. Let x be l(-5). Suppose 3*s - 95 = -x*s + 5*w, s + 4*w - 34 = 0. What are the prime factors of s?
2, 11
Let u = -5 + 8. Suppose o - 3*o = -v + 11, 4*v - u*o - 39 = 0. What are the prime factors of v?
3
Suppose -207 = -s - 2*s. List the prime factors of s.
3, 23
Let k(j) = -4*j - 3. Let v be k(-2). Suppose 0 = -m + 17 - v. List the prime factors of m.
2, 3
Suppose -5*b - 1 = 3*p, 2*b + 3*p + 8 = 4*b. List the prime factors of (4 - 5)/(b/(-11)).
11
Suppose 2*f - 130 = -4*y, -156 = -8*y + 3*y + 4*f. What are the prime factors of y?
2
Let w(d) = -3*d + 8. What are the prime factors of w(-7)?
29
Suppose -9*m - 29 = -10*m. What are the prime factors of m?
29
Suppose 2*t - t + 3 = 0. What are the prime factors of (-52)/(-12) - (-1)/t?
2
Suppose 4*t = -d - 4*d - 2, -8 = 4*d. Let w(o) = 7*o**2 - 4*o + 2. What are the prime factors of w(t)?
2, 11
Suppose -10 - 13 = -4*c + 5*n, -c - 4*n = -11. Let x be (-2)/6*(4 - c). Suppose y - 6 = x. What are the prime factors of y?
7
Suppose 0*r = -3*x + 2*r + 83, r = 2*x - 54. List the prime factors of x.
5
Suppose 4*o = 2*o + 50. List the prime factors of o.
5
Let n(y) = 2*y**2 + 2*y - 1. Let p be n(1). Suppose -5 = -p*w + 7. List the prime factors of w.
2
Suppose -3*s + 27 = -2*c, 4*s - 4*c + 2 = 38. Let g be 3*(2 - (-12)/s). Suppose -5*w + 30 = 4*u + 5, 2*w - 2*u = g. List the prime factors of w.
5
Let j = 35 + -19. Let i = 37 - j. List the prime factors of i.
3, 7
Let a(v) = -3*v**3 - v**2 + 2*v + 2. What are the prime factors of a(-3)?
2, 17
Suppose 14 = -3*n + 2*z, 3*z = -5*n + z - 18. Let k = 6 + n. What are the prime factors of k?
2
Suppose -6*o + 2*o + 88 = -2*r, -o + 36 = 3*r. Suppose 6*g - o = 4*g. List the prime factors of g.
2, 3
Let u = 51 + -4. Suppose 4*x - u = 41. What are the prime factors of x?
2, 11
Suppose 4*n - 2*d + d = 1370, 2*n = 2*d + 682. What are the prime factors of n?
7
Suppose -5*b + 23 = 5*l - 4*b, -28 = -4*l - 4*b. Suppose -4*m = c + m - 13, l*m - 20 = -2*c. What are the prime factors of c?
2
Suppose 5*z = 4*m + 12, -26 = -z - 4*z - 3*m. Let r(a) = -a - 3*a**3 + z*a**3 + 2*a**2 + 3*a**2. List the prime factors of r(-5).
5
Suppose -425 = -4*n + z, 4*n + 5*z - 336 = n. List the prime factors of n.
107
Suppose -3*l + 12 = -2*x - 2, 2*l - 20 = 4*x. Let o = x + 13. Suppose 2*g - o = -3, -4*h - g = -59. What are the prime factors of h?
2, 7
Let j(u) = u**2 - 3*u + 4. Let g be j(3). Suppose -2*m = -2*w + 18, 5*w = -m + g*m + 49. List the prime factors of w.
11
Let t be 0 + 7 - (2 - 0). Suppose -2*i = -t*c + 97, 0*c - c + 17 = 2*i. What are the prime factors of c?
19
Let p = 63 - 39. List the prime factors of p.
2, 3
Let g(w) = 2*w**3 + 11*w**2 - 2*w. What are the prime factors of g(-5)?
5, 7
Let r(j) = j**2 + 5*j + 14. What are the prime factors of r(-10)?
2
Let j be (-10)/15*2*3. Let w(h) = -h**3 - 3*h**2 + 3*h + 1. Let m be w(j). Suppose 0*x + 2*x - 19 = 3*k, -26 = -3*x + m*k. List the prime factors of x.
17
Let q be (6/(-4))/(1/(-2)). Let g(f) = -f*